ple of 11?
False
Is 50 a factor of 900?
True
Is 79 a factor of 3318?
True
Is 43 a factor of 817?
True
Does 20 divide 900?
True
Is 57 a factor of 13281?
True
Is 9 a factor of 937?
False
Does 18 divide 41036?
False
Does 32 divide 1828?
False
Is 788 a multiple of 10?
False
Does 50 divide 33300?
True
Does 23 divide 58397?
True
Is 24 a factor of 24?
True
Is 35 a factor of 315?
True
Is 570 a multiple of 2?
True
Is 21 a factor of 1264?
False
Is 496 a multiple of 8?
True
Is 36 a factor of 139356?
True
Is 13 a factor of 2236?
True
Is 10 a factor of 4708?
False
Is 3332 a multiple of 28?
True
Does 11 divide 791?
False
Is 163 a factor of 38305?
True
Is 8500 a multiple of 68?
True
Is 25 a factor of 494?
False
Is 85 a factor of 2762?
False
Does 3 divide 1811?
False
Is 56 a multiple of 8?
True
Does 6 divide 2676?
True
Is 35 a factor of 735?
True
Does 30 divide 150?
True
Is 15597 a multiple of 35?
False
Is 1064 a multiple of 38?
True
Is 76 a multiple of 2?
True
Is 31 a factor of 248?
True
Does 18 divide 39426?
False
Is 14878 a multiple of 43?
True
Is 662 even?
True
Is 525 a multiple of 15?
True
Is 11 a factor of 29377?
False
Is 50 a factor of 49662?
False
Is 1825 a multiple of 14?
False
Does 8 divide 10463?
False
Does 62 divide 37448?
True
Does 7 divide 61?
False
Is 13 a factor of 245?
False
Is 1617 a multiple of 22?
False
Is 20 a factor of 920?
True
Is 21 a factor of 1638?
True
Is 19 a factor of 4579?
True
Is 4070 a multiple of 22?
True
Does 4 divide 7131?
False
Is 8704 a multiple of 8?
True
Does 10 divide 126?
False
Does 50 divide 211?
False
Is 11704 a multiple of 44?
True
Does 20 divide 33740?
True
Is 234 a multiple of 11?
False
Is 78 a factor of 1404?
True
Is 6876 a multiple of 20?
False
Is 56 a factor of 32032?
True
Is 36 a factor of 972?
True
Is 16240 a multiple of 40?
True
Is 16 a factor of 5921?
False
Is 159 a multiple of 2?
False
Does 28 divide 393?
False
Is 5 a factor of 8652?
False
Is 10 a factor of 59660?
True
Is 12 a factor of 816?
True
Is 35506 a multiple of 45?
False
Is 14308 a multiple of 196?
True
Does 119 divide 8330?
True
Is 40590 a multiple of 205?
True
Is 868 a multiple of 124?
True
Is 2814 a multiple of 7?
True
Does 4 divide 3149?
False
Is 9 a factor of 8739?
True
Does 24 divide 68760?
True
Does 2 divide 32?
True
Is 200 a multiple of 20?
True
Does 127 divide 2667?
True
Is 16649 a multiple of 3?
False
Does 5 divide 22835?
True
Is 77 a multiple of 2?
False
Does 8 divide 26203?
False
Does 87 divide 2095?
False
Does 74 divide 3256?
True
Is 13 a factor of 2960?
False
Is 24 a factor of 84192?
True
Is 29 a factor of 6184?
False
Is 25112 a multiple of 292?
True
Is 24 a factor of 11917?
False
Does 3 divide 780?
True
Is 129 a multiple of 29?
False
Is 110 a multiple of 3?
False
Is 4 a factor of 2953?
False
Does 95 divide 19671?
False
Does 6 divide 8010?
True
Is 5 a factor of 346?
False
Does 3 divide 131?
False
Does 8 divide 4464?
True
Is 28 a factor of 1403?
False
Does 20 divide 58280?
True
Is 7 a factor of 36736?
True
Is 6 a factor of 805?
False
Is 98325 a multiple of 57?
True
Is 3934 a multiple of 7?
True
Is 23 a factor of 1692?
False
Is 16 a factor of 19203?
False
Is 267 a multiple of 17?
False
Is 7 a factor of 905?
False
Does 9 divide 5352?
False
Is 1955 a multiple of 81?
False
Does 105 divide 735?
True
Is 28 a multiple of 4?
True
Is 32227 a multiple of 179?
False
Does 192 divide 73397?
False
Is 560 a multiple of 35?
True
Is 10 a factor of 2525?
False
Is 13 a factor of 908?
False
Does 45 divide 4455?
True
Is 8789 a multiple of 11?
True
Is 6496 a multiple of 203?
True
Does 2 divide 8833?
False
Is 9 a factor of 2394?
True
Is 92 a factor of 10672?
True
Is 8400 a multiple of 14?
True
Is 5 a factor of 5?
True
Does 42 divide 4158?
True
Is 360 a multiple of 19?
False
Is 361 a factor of 1558?
False
Does 7 divide 118663?
False
Does 8 divide 25712?
True
Does 255 divide 78480?
False
Does 8 divide 645?
False
Is 126 a multiple of 63?
True
Does 113 divide 22771?
False
Does 17 divide 2278?
True
Does 66 divide 133?
False
Does 18 divide 5292?
True
Is 2552 a multiple of 29?
True
Is 600 a multiple of 40?
True
Is 204 a multiple of 6?
True
Does 14 divide 4802?
True
Is 1069 a multiple of 19?
False
Does 21 divide 578?
False
Is 25 a factor of 696?
False
Is 256 a multiple of 32?
True
Is 57 a factor of 6480?
False
Is 2346 a multiple of 34?
True
Is 86 a factor of 69346?
False
Is 79937 a multiple of 31?
False
Is 6756 a multiple of 12?
True
Does 2 divide 1392?
True
Is 23 a factor of 846?
False
Does 77 divide 22680?
False
Does 31 divide 39538?
False
Does 45 divide 450?
True
Is 15 a factor of 80?
False
Is 9 a factor of 144?
True
Is 1479 a multiple of 7?
False
Is 6 a factor of 1440?
True
Is 2937 a multiple of 33?
True
Is 1955 a multiple of 17?
True
Does 21 divide 353?
False
Is 68164 a multiple of 231?
False
Does 3 divide 217?
False
Is 15 a factor of 2112?
False
Does 100 divide 2200?
True
Is 43 a factor of 18509?
False
Is 20 a factor of 1320?
True
Is 33 a factor of 11215?
False
Is 938 a multiple of 16?
False
Does 55 divide 123021?
False
Is 39 a multiple of 4?
False
Is 11 a factor of 3025?
True
Is 9547 a multiple of 88?
False
Is 52088 a multiple of 136?
True
Does 13 divide 765?
False
Does 140 divide 2878?
False
Is 88587 a multiple of 34?
False
Does 10 divide 8780?
True
Is 15 a factor of 454?
False
Is 10 a factor of 39890?
True
Is 2340 a multiple of 10?
True
Is 100 a multiple of 7?
False
Is 1632 a multiple of 17?
True
Is 787 a multiple of 41?
False
Is 14048 a multiple of 13?
False
Does 2 divide 3?
False
Is 9 a factor of 7195?
False
Is 16 a factor of 1053?
False
Does 163 divide 23309?
True
Is 25 a factor of 2323?
False
Is 9 a factor of 234?
True
Is 28 a factor of 14423?
False
Does 22 divide 242?
True
Is 42 a factor of 1685?
False
Is 362 a factor of 10136?
True
Is 45 a factor of 1009?
False
Is 6 a factor of 120?
True
Is 1688 a multiple of 19?
False
Is 848 a multiple of 29?
False
Is 18 a factor of 2003?
False
Is 416 a factor of 128978?
False
Is 241 a multiple of 12?
False
Does 15 divide 270?
True
Does 74 divide 16724?
True
Is 3432 a multiple of 52?
True
Does 40 divide 6684?
False
Does 34 divide 1972?
True
Is 97 a factor of 617?
False
Is 666 a multiple of 20?
False
Is 108 a factor of 767?
False
Does 25 divide 103150?
True
Does 3 divide 61?
False
Does 5 divide 3184?
False
Is 34 a factor of 1482?
False
Is 16 a factor of 12736?
True
Does 22 divide 1738?
True
Is 4 a factor of 2696?
True
Does 88 divide 2640?
True
Does 4 divide 7261?
False
Is 16 a factor of 456?
False
Is 42 a factor of 3360?
True
Is 22 a factor of 46266?
True
Is 1958 a multiple of 89?
True
Does 143 divide 96073?
False
Does 7 divide 112?
True
Is 3 a factor of 19697?
False
Does 6 divide 138?
True
Is 7 a factor of 1167?
False
Is 772 a multiple of 90?
False
Is 510 a multiple of 18?
False
Does 116 divide 12411?
False
Does 56 divide 7336?
True
Does 23 divide 1682?
False
Does 54 divide 1404?
True
Is 20 a factor of 1340?
True
Is 280 a multiple of 5?
True
Is 13 a factor of 52?
True
Does 15 divide 6440?
False
Is 34 a factor of 9379?
False
Does 38 divide 87366?
False
Does 10 divide 1100?
True
Is 39137 a multiple of 96?
False
Does 15 divide 297?
False
Is 336 a multiple of 21?
True
Is 21 a factor of 80019?
False
Is 1120 a multiple of 12?
False
Does 26 divide 3692?
True
Is 56 a factor of 22817?
False
Is 31 a factor of 38719?
True
Is 115 a multiple of 11?
False
Does 3 divide 61?
False
Does 25 divide 3216?
False
Is 1772 even?
True
Is 23592 a multiple of 12?
True
Does 32 divide 4448?
True
Is 6 a factor of 2982?
True
Does 117 divide 11063?
False
Is 4642 a multiple of 36?
False
Is 5687 a multiple of 53?
False
Is 10 a factor of 1140?
True
Does 44 divide 3246?
False
Is 83 a multiple of 3?
False
Does 52 divide 302?
False
Does 42 divide 10500?
True
Is 100 a factor of 11505?
False
Is 22 a factor of 12892?
True
Is 15 a factor of 86430?
True
Does 5 divide 31?
False
Is 8 a factor of 386?
False
Does 160 divide 5440?
True
Does 21 divide 344?
False
Is 840 a multiple of 120?
True
Does 43 divide 129?
True
Does 28 divide 5740?
True
Is 4284 a multiple of 21?
True
Is 33022 a multiple of 209?
True
Is 15 a factor of 1590?
True
Does 35 divide 1015?
True
Does 19 divide 5067?
False
Is 1705 a multiple of 5?
True
Is 857 a multiple of 5?
False
Is 23 a factor 